me factors of g(11).
3, 7
Suppose 14*m - 1107 = 4437. What are the prime factors of m?
2, 3, 11
Let x = -297 - -420. What are the prime factors of x?
3, 41
Let g = -1116 + 2062. Suppose -g = 8*y - 19*y. What are the prime factors of y?
2, 43
Suppose -7*h - 11 = -95. Suppose 0 = h*p - 14*p + 290. List the prime factors of p.
5, 29
Suppose -p + 12 = -2*p. Let k = p + 16. Suppose 0 = w - k*w + 60. What are the prime factors of w?
2, 5
Let c(x) = -7*x - 6*x - 5 + 2*x. List the prime factors of c(-12).
127
Suppose 4*i + 92 = 3*x, -2*x + 55 + 18 = -5*i. Suppose 171 = 5*g - x. What are the prime factors of g?
3, 13
Let i(w) = -5*w - 17. Let o be i(-4). Suppose -o*z + 28 = -188. List the prime factors of z.
2, 3
Suppose 0 = g - 8 + 3. Let u(w) = -4 + 8*w - 4*w + 8*w. What are the prime factors of u(g)?
2, 7
Let b = 74 - 70. Suppose 0 = b*j - 563 + 47. List the prime factors of j.
3, 43
Let p(k) = k**2 + 2*k - 11. Suppose 0*y - 4*y = -f + 11, -2*f + y - 6 = 0. What are the prime factors of p(f)?
2
Suppose -4*z + 48 = 4*h, 3*h - 4*z + 31 = 6*h. Let s = h + -16. Suppose 16 = 5*j - 5*l - 69, 5*l = j - s. List the prime factors of j.
3, 7
Let i(x) = x**3 + 3*x**2 - 5*x. Let a be i(-4). Let n be 683/4 - a/(-16). Suppose 0 = -4*o + 3*j + 2*j + 130, 5*o - 2*j = n. List the prime factors of o.
5, 7
Let d be -1*3/(-2)*(0 + 2). Suppose 5*i = 4*n + 1350, -i + d*n + 256 = 5*n. List the prime factors of i.
2, 7, 19
Let f(t) = 48*t**2 - 32*t + 432. What are the prime factors of f(10)?
2, 307
Let q(g) = -g + 10. Let r be q(6). Suppose 18 - 2 = r*a. List the prime factors of (-4 - (17 - a))*-3.
3, 17
Let o(t) = t**3 - 3*t**2 - t + 9. Let v be 6/39 + 100/26. What are the prime factors of o(v)?
3, 7
Let u(f) = 10*f**2 + 23*f - 221. List the prime factors of u(12).
5, 13, 23
Let v(s) be the third derivative of -s**4/12 + 2*s**3 + 9*s**2. Let p be v(-9). What are the prime factors of (p/4)/(6/8)?
2, 5
List the prime factors of -24*(57/(-6) - -5).
2, 3
Let b = 238 + -116. List the prime factors of b.
2, 61
What are the prime factors of 10/(50/3615) - -9?
2, 3, 61
What are the prime factors of 46 - (54/10 - (-10)/(-25))?
41
Let d be (-12 - -121)*(-6)/(-3). Let u = -162 + d. List the prime factors of u.
2, 7
Suppose 5304 + 272 = 8*d. What are the prime factors of d?
17, 41
Suppose 2*k - 1 - 2 = -3*r, 4*r + 4*k = 0. Let j = r - 9. What are the prime factors of (8/j + -4)*-9?
2, 3
Let s(a) = -a**3 + 7*a**2 + a - 4. Let r be s(7). Suppose 0 = r*f + 2*f - 165. List the prime factors of f.
3, 11
Suppose -150*s = -136*s - 5376. What are the prime factors of s?
2, 3
Let u(j) be the third derivative of j**5/20 + 2*j**4/3 - 7*j**3/6 + 6*j**2 + 2. List the prime factors of u(-7).
2, 7
Let x(i) = i**2 + 8*i + 10. Let j be x(-7). Suppose -j*l + 48 = -219. List the prime factors of l.
89
Suppose 1 + 2 = f. Suppose -h = -2 + f. List the prime factors of (2/4 + h)*-38.
19
Suppose 0 = -3*h + 5*h + x - 2197, 0 = 4*h + x - 4389. What are the prime factors of h?
2, 137
Suppose 2*p + 15 = -1. List the prime factors of (-241)/(-5) - p/10.
7
Suppose -4*f + 262 + 7679 = 5*l, -6*f + 11900 = -4*l. What are the prime factors of f?
2, 31
Suppose -4*w = -y + 38, -y = -0*y - 2*w - 42. Suppose -2*g + 4*m + y + 38 = 0, -2*g + 2*m = -80. List the prime factors of g.
2, 19
Let y(i) = i + 1. Let o be y(0). Let g(f) = o - 11*f - f**2 - 2 + 4. What are the prime factors of g(-10)?
13
Let f(t) = t**2 + 3*t - 4. Let n = -8 + 1. Let v = n - -2. List the prime factors of f(v).
2, 3
Suppose 11*k = 9328 + 12551. What are the prime factors of k?
3, 13, 17
Let x(i) = i - 6. Let r be x(6). Suppose -3*w + 391 + 272 = r. What are the prime factors of w?
13, 17
Let p(v) = v**3 + 2*v**2 - 2*v + 2. Let m be p(-3). List the prime factors of ((-70)/(-8))/(m/(-8)).
2, 5, 7
Suppose -5*t + 340 = -5*z, 26 - 359 = 5*z + 2*t. Let s = z - -112. List the prime factors of 1098/s + 2/(-5).
2, 3
List the prime factors of (2 - 1) + 576 - -1.
2, 17
Suppose 0 = -3*f + 18 - 6. Let q(z) = z**3 + z**2 - 10*z + 3. List the prime factors of q(f).
43
Let x = 1123 + -648. What are the prime factors of x?
5, 19
Let k be (-14)/(-3) + (-2)/3. Suppose v + k = 5*v. Let l = 16 - v. What are the prime factors of l?
3, 5
Let q(m) = m**3 - 6*m**2 + 4*m + 8. Let a be q(8). Suppose -a = -7*g + 4*g. What are the prime factors of g?
2, 7
Suppose 0*s + 11536 = 16*s. Suppose w - s = -2*w - 5*g, -2*w + 484 = 5*g. What are the prime factors of w?
3, 79
Suppose 11*c - 15232 = 3*c. What are the prime factors of c?
2, 7, 17
Let k = -5 - -1. Let z be 13 - -3 - (0 - k). Suppose t = 4*g - 253, -t + z = 3*t. What are the prime factors of g?
2
Let p(m) = 3*m - 4. Let k(i) = -7*i + 4. Let v(o) = -6*o + 3. Let n(q) = 2*k(q) - 3*v(q). Let r be n(3). What are the prime factors of p(r)?
29
List the prime factors of (2 - 67)*(-2 - -1).
5, 13
Suppose -3*q + 2*t = -844, q - 4*t - 253 = 35. Let d = -153 + q. List the prime factors of d.
127
Let a(c) = 2*c**3 + c**2 - 9*c + 3. Let o(q) = 2*q**3 + q**2 - 9*q + 3. Let s(z) = 6*a(z) - 7*o(z). List the prime factors of s(-4).
73
Let r be (-6)/21 - 528/14. Let z be r/(-14) + (-2)/(-7). Suppose -z*i + 0*i + 5*x + 69 = 0, 21 = i - x. What are the prime factors of i?
2, 3
Let d = 1831 - 159. What are the prime factors of d?
2, 11, 19
Let i be 939*(-4)/(-12)*1. Let c = i - 183. Suppose 5*p - b = 212, 0*p - 3*p = -2*b - c. List the prime factors of p.
2, 3, 7
Let o(n) = n**3 - n**2 - n. Let j be o(2). Suppose q + 22 = j*q. Suppose 2*m = 4*m - q. List the prime factors of m.
11
Let o(a) = -a**3 - 4*a**2 + 11*a + 13. Suppose 0 = -5*y + 5*z - 20, -z + 4 = 2*y + 2*y. Suppose 24 = -y*w - 4*w. What are the prime factors of o(w)?
19
Let g(p) = -6*p**3 - 16*p**2 - 11*p - 16. List the prime factors of g(-6).
2, 5, 7, 11
Let v = -30 + -58. Let y = v + 192. List the prime factors of y.
2, 13
Suppose 5009 = 3*v - 7456. What are the prime factors of v?
3, 5, 277
Let o(v) = v**2 + v + 11. List the prime factors of o(-4).
23
Let g(i) = -6*i - 8. Let a be g(-2). Suppose -4*b + 120 = a*b. What are the prime factors of b?
3, 5
Let o = 79 - 39. Suppose 0 = 41*l - 42*l + o. List the prime factors of l.
2, 5
Suppose 4*u = j - 11, 3 = 4*j + 4*u - 1. What are the prime factors of (j - 0) + -4 + (14 - -1)?
2, 7
Suppose -3*n = -2*n + 8. Let h be (-3 - -2)/(4/n). Suppose 0 = -h*x + 4*y + 34, 0*y + 2*y - 40 = -2*x. What are the prime factors of x?
19
Let c(x) = 211*x + 16. Let a be c(4). Suppose a = -4*k + 9*k. List the prime factors of k.
2, 43
Let m(i) = -170*i + 9. Let y(v) = -113*v + 6. Let f(h) = 5*m(h) - 8*y(h). What are the prime factors of f(1)?
3, 17
Let s(f) = 124*f + 10. Let r be s(-6). List the prime factors of (-7)/(-28) - r/8.
2, 23
Let v(t) be the third derivative of t**5/60 - 5*t**4/12 + 2*t**3/3 - 18*t**2. List the prime factors of v(10).
2
Let x be (-1 - (-6)/12)*4. What are the prime factors of x - (-19)/1 - (10 + -12)?
19
Let x(d) = -9*d + 31. Let h(i) = 9*i - 31. Let f(y) = 6*h(y) + 5*x(y). List the prime factors of f(13).
2, 43
Let l(k) = 4*k**2 - 3*k - 11. Let r be (-3)/(-12) - 30/(-8). Let d be l(r). Let p = 14 + d. What are the prime factors of p?
5, 11
Let b(i) = i**3 + 13*i**2 - 9*i - 58. List the prime factors of b(-12).
2, 97
Suppose -5*s + 2*t + 194 = 0, 6 + 9 = 5*t. Suppose 2*b = -5*i - 64, 4*b + 28 = -5*i - s. List the prime factors of 4/((i/(-4))/12).
2
Let x = 8 - 4. Suppose 2*j - 28 = -4*w + 4*j, -j - 26 = -x*w. Let f = 18 - w. What are the prime factors of f?
2, 3
Let b(u) = 7*u - 7. Let f(a) = -7*a + 8. Let m(w) = -7*b(w) - 6*f(w). Suppose 16 = -k + 12. What are the prime factors of m(k)?
29
Let a(f) = 5*f**2 + 36*f + 71. List the prime factors of a(-17).
2, 113
Suppose 9*u + 5*h = 4*u + 35, -h + 15 = 2*u. What are the prime factors of (4/(-10))/(u/(-520))?
2, 13
Let b(v) = v. Let o(h) = -27*h - 14. Let k(g) = -3*b(g) - o(g). List the prime factors of k(5).
2, 67
Let a(f) = -8*f + 15. Let g(x) = -8*x + 15. Let b(j) = -6*a(j) + 7*g(j). Let d be b(6). Let s = d - -68. List the prime factors of s.
5, 7
Let h(o) = o**3 - 10*o**2 - 2*o - 14. Let b be h(11). Let k = -42 + b. What are the prime factors of (-6)/(-15) + k/5?
3
Let r = -30 + 34. Suppose -3*l + j - 13 = -228, l - 68 = r*j. What are the prime factors of l?
2, 3
Let q(r) 